 remainder when 111 is divided by 79.
32
Calculate the remainder when 334 is divided by 6.
4
Calculate the remainder when 1079 is divided by 15.
14
Calculate the remainder when 280 is divided by 47.
45
Calculate the remainder when 527 is divided by 495.
32
Calculate the remainder when 7287 is divided by 90.
87
What is the remainder when 7601 is divided by 14?
13
Calculate the remainder when 755 is divided by 76.
71
Calculate the remainder when 617 is divided by 27.
23
Calculate the remainder when 401 is divided by 134.
133
Calculate the remainder when 111 is divided by 103.
8
What is the remainder when 48 is divided by 12?
0
What is the remainder when 274 is divided by 48?
34
What is the remainder when 602 is divided by 347?
255
What is the remainder when 35517 is divided by 37?
34
What is the remainder when 2690 is divided by 39?
38
What is the remainder when 11616 is divided by 3870?
6
Calculate the remainder when 120 is divided by 15.
0
What is the remainder when 87 is divided by 20?
7
What is the remainder when 165 is divided by 31?
10
What is the remainder when 52289 is divided by 105?
104
What is the remainder when 38 is divided by 17?
4
What is the remainder when 161 is divided by 34?
25
What is the remainder when 2492 is divided by 39?
35
Calculate the remainder when 68277 is divided by 60.
57
What is the remainder when 458 is divided by 4?
2
Calculate the remainder when 1661 is divided by 104.
101
Calculate the remainder when 80 is divided by 47.
33
What is the remainder when 1333 is divided by 89?
87
What is the remainder when 2051 is divided by 507?
23
Calculate the remainder when 373 is divided by 85.
33
What is the remainder when 1301 is divided by 322?
13
Calculate the remainder when 428 is divided by 48.
44
What is the remainder when 648 is divided by 108?
0
What is the remainder when 164 is divided by 86?
78
Calculate the remainder when 1359 is divided by 105.
99
What is the remainder when 267 is divided by 120?
27
Calculate the remainder when 494 is divided by 31.
29
What is the remainder when 50 is divided by 26?
24
Calculate the remainder when 77 is divided by 6.
5
Calculate the remainder when 3110 is divided by 76.
70
Calculate the remainder when 140 is divided by 11.
8
Calculate the remainder when 9281 is divided by 238.
237
Calculate the remainder when 1099 is divided by 158.
151
Calculate the remainder when 430 is divided by 27.
25
Calculate the remainder when 23 is divided by 5.
3
What is the remainder when 235 is divided by 32?
11
What is the remainder when 206 is divided by 50?
6
What is the remainder when 243 is divided by 113?
17
What is the remainder when 12670 is divided by 65?
60
What is the remainder when 271 is divided by 19?
5
Calculate the remainder when 630 is divided by 76.
22
Calculate the remainder when 7 is divided by 5.
2
What is the remainder when 334 is divided by 48?
46
What is the remainder when 1348 is divided by 19?
18
Calculate the remainder when 569 is divided by 10.
9
Calculate the remainder when 61 is divided by 22.
17
Calculate the remainder when 1298 is divided by 189.
164
What is the remainder when 66 is divided by 14?
10
Calculate the remainder when 68 is divided by 6.
2
Calculate the remainder when 1059 is divided by 220.
179
What is the remainder when 2104 is divided by 62?
58
Calculate the remainder when 860 is divided by 15.
5
Calculate the remainder when 213 is divided by 10.
3
Calculate the remainder when 22187 is divided by 43.
42
What is the remainder when 104 is divided by 94?
10
Calculate the remainder when 1150 is divided by 48.
46
Calculate the remainder when 65 is divided by 38.
27
Calculate the remainder when 1581 is divided by 132.
129
What is the remainder when 49 is divided by 18?
13
Calculate the remainder when 60 is divided by 15.
0
Calculate the remainder when 231 is divided by 40.
31
Calculate the remainder when 1789 is divided by 179.
178
Calculate the remainder when 2106 is divided by 49.
48
What is the remainder when 145 is divided by 51?
43
Calculate the remainder when 149 is divided by 41.
26
What is the remainder when 6941 is divided by 16?
13
What is the remainder when 589 is divided by 8?
5
Calculate the remainder when 632 is divided by 39.
8
What is the remainder when 1681 is divided by 417?
13
Calculate the remainder when 447 is divided by 23.
10
Calculate the remainder when 732 is divided by 15.
12
What is the remainder when 65 is divided by 38?
27
What is the remainder when 63 is divided by 36?
27
Calculate the remainder when 2343 is divided by 739.
126
What is the remainder when 12470 is divided by 4153?
11
What is the remainder when 639 is divided by 34?
27
Calculate the remainder when 413 is divided by 69.
68
Calculate the remainder when 847 is divided by 175.
147
Calculate the remainder when 5237 is divided by 31.
29
What is the remainder when 322 is divided by 54?
52
What is the remainder when 869 is divided by 29?
28
Calculate the remainder when 3358 is divided by 105.
103
Calculate the remainder when 69 is divided by 12.
9
What is the remainder when 718 is divided by 38?
34
What is the remainder when 815 is divided by 17?
16
Calculate the remainder when 285 is divided by 73.
66
What is the remainder when 332 is divided by 99?
35
Calculate the remainder when 10858 is divided by 14.
8
Calculate the remainder when 829 is divided by 32.
29
What is the remainder when 3800 is divided by 238?
230
What is the remainder when 753 is divided by 36?
33
What is the remainder when 45 is divided by 24?
21
What is the remainder when 265 is divided by 2?
1
What is the remainder when 3218 is divided by 13?
7
Calculate the remainder when 1632 is divided by 38.
36
What is the remainder when 347 is divided by 192?
155
What is the remainder when 19387 is divided by 7?
4
What is the remainder when 117 is divided by 29?
1
What is the remainder when 161 is divided by 80?
1
What is the remainder when 7053 is divided by 17?
15
Calculate the remainder when 747 is divided by 24.
3
Calculate the remainder when 460 is divided by 115.
0
What is the remainder when 404 is divided by 14?
12
What is the remainder when 131 is divided by 36?
23
What is the remainder when 1223 is divided by 102?
101
What is the remainder when 1425 is divided by 42?
39
What is the remainder when 103 is divided by 49?
5
What is the remainder when 46 is divided by 12?
10
What is the remainder when 1307 is divided by 4?
3
What is the remainder when 315 is divided by 110?
95
What is the remainder when 923 is divided by 4?
3
What is the remainder when 706 is divided by 184?
154
What is the remainder when 229 is divided by 23?
22
What is the remainder when 918 is divided by 201?
114
Calculate the remainder when 49 is divided by 13.
10
What is the remainder when 86 is divided by 8?
6
What is the remainder when 111 is divided by 23?
19
Calculate the remainder when 70 is divided by 20.
10
Calculate the remainder when 2434 is divided by 14.
12
Calculate the remainder when 422 is divided by 212.
210
Calculate the remainder when 383 is divided by 67.
48
What is the remainder when 1204 is divided by 42?
28
What is the remainder when 1865 is divided by 621?
2
What is the remainder when 263 is divided by 147?
116
What is the remainder when 53 is divided by 8?
5
What is the remainder when 1051 is divided by 62?
59
What is the remainder when 1658 is divided by 10?
8
What is the remainder when 1771 is divided by 77?
0
What is the remainder when 414 is divided by 10?
4
Calculate the remainder when 270 is divided by 57.
42
What is the remainder when 21 is divided by 8?
5
What is the remainder when 5263 is divided by 210?
13
Calculate the remainder when 1573 is divided by 510.
43
What is the remainder when 565 is divided by 260?
45
Calculate the remainder when 1898 is divided by 63.
8
What is the remainder when 1580 is divided by 158?
0
Calculate the remainder when 1021 is divided by 346.
329
Calculate the remainder when 4416 is divided by 316.
308
What is the remainder when 419 is divided by 42?
41
What is the remainder when 1012 is divided by 42?
4
Calculate the remainder when 166 is divided by 55.
1
Calculate the remainder when 142 is divided by 37.
31
What is the remainder when 353 is divided by 112?
17
What is the re